{"id":31497,"date":"2021-07-23T20:48:29","date_gmt":"2021-07-23T23:48:29","guid":{"rendered":"http:\/\/agenciabear.com.br\/?post_type=project&#038;p=31497"},"modified":"2021-07-24T21:18:40","modified_gmt":"2021-07-25T00:18:40","slug":"nai-fafic","status":"publish","type":"project","link":"https:\/\/agenciabear.com.br\/?project=nai-fafic","title":{"rendered":"NAI FAFIC"},"content":{"rendered":"\n[et_pb_section fb_built=&#8221;1&#8243; _builder_version=&#8221;4.9.2&#8243; _module_preset=&#8221;default&#8221;][et_pb_row _builder_version=&#8221;4.9.2&#8243; _module_preset=&#8221;default&#8221; custom_padding=&#8221;||3px|||&#8221;][et_pb_column type=&#8221;4_4&#8243; _builder_version=&#8221;4.9.2&#8243; _module_preset=&#8221;default&#8221;][et_pb_text _builder_version=&#8221;4.9.2&#8243; _module_preset=&#8221;a14a3070-0f27-4166-b303-92f53a7af324&#8243; text_font=&#8221;Montserrat|700|||||||&#8221; header_2_font=&#8221;Candal||||||||&#8221; header_2_text_color=&#8221;#FFFFFF&#8221; header_2_font_size=&#8221;42px&#8221; header_2_line_height=&#8221;1.2em&#8221; text_orientation=&#8221;center&#8221; background_layout=&#8221;dark&#8221; custom_margin=&#8221;-3px||10px||false|false&#8221; animation_style=&#8221;slide&#8221; header_2_font_size_tablet=&#8221;30px&#8221; header_2_font_size_phone=&#8221;20px&#8221; header_2_font_size_last_edited=&#8221;on|tablet&#8221; locked=&#8221;off&#8221; inline_fonts=&#8221;Montserrat&#8221;]<h2 style=\"text-align: left;\"><span style=\"color: #f4ad31;\"><strong><span style=\"font-family: Montserrat;\"><span style=\"color: #888888;\">&lt;NAI <\/span><span style=\"color: #ffba61;\">FAFIC&gt;<\/span><\/span><\/strong><\/span><\/h2>[\/et_pb_text][\/et_pb_column][\/et_pb_row][et_pb_row column_structure=&#8221;3_5,2_5&#8243; _builder_version=&#8221;4.9.2&#8243; _module_preset=&#8221;default&#8221;][et_pb_column type=&#8221;3_5&#8243; _builder_version=&#8221;4.9.2&#8243; _module_preset=&#8221;default&#8221;][el_masonry_gallery _builder_version=&#8221;4.9.2&#8243; _module_preset=&#8221;default&#8221; hover_enabled=&#8221;0&#8243; image_ids=&#8221;31642&#8243; number_of_columns=&#8221;1&#8243; column_spacing=&#8221;0px&#8221; image_size=&#8221;large&#8221; enable_lightbox=&#8221;on&#8221; sticky_enabled=&#8221;0&#8243;][\/el_masonry_gallery][\/et_pb_column][et_pb_column type=&#8221;2_5&#8243; _builder_version=&#8221;4.9.2&#8243; _module_preset=&#8221;default&#8221;][et_pb_text _builder_version=&#8221;4.9.2&#8243; _module_preset=&#8221;85ec5774-0b51-4075-9641-4e0e2e6ea9dd&#8221; text_font=&#8221;Montserrat|500|||||||&#8221; text_text_color=&#8221;#888888&#8243; text_font_size=&#8221;18px&#8221; text_line_height=&#8221;1.8em&#8221; custom_margin=&#8221;2px|||||&#8221; animation_style=&#8221;slide&#8221; text_font_size_tablet=&#8221;15px&#8221; text_font_size_phone=&#8221;14px&#8221; text_font_size_last_edited=&#8221;on|desktop&#8221;]<p><strong>BRIEFING:<\/strong><\/p>\n<p><span style=\"font-weight: 400;\">Desenvolver um logo que represente o N\u00facleo de Acessibilidade e Inclus\u00e3o. | Utilizar as cores amarelo e azul.<\/span><\/p>\n<p><span style=\"font-weight: 400;\"><br \/><\/span><strong>RESULTADO:<\/strong><\/p>\n<p><span style=\"font-weight: 400;\">Pensar em acessibilidade e inclus\u00e3o nos remete \u00e0 ideia de \u201cuni\u00e3o\u201d de pessoas em prol de um bem comum. O conceito tem como base duas pessoas de m\u00e3os dadas e um c\u00edrculo ao redor delas, que simbolizam a uni\u00e3o e a inclus\u00e3o no meio social.<\/span><\/p>[\/et_pb_text][et_pb_blurb use_icon=&#8221;on&#8221; font_icon=&#8221;%%57%%&#8221; icon_color=&#8221;gcid-829e0644-2604-442b-87e9-fc4cf40a6edd&#8221; icon_placement=&#8221;left&#8221; use_icon_font_size=&#8221;on&#8221; icon_font_size=&#8221;23px&#8221; _builder_version=&#8221;4.9.2&#8243; _module_preset=&#8221;default&#8221; custom_margin=&#8221;||13px|||&#8221; global_colors_info=&#8221;{%22gcid-829e0644-2604-442b-87e9-fc4cf40a6edd%22:%91%22circle_color%22,%22icon_color%22%93,%22gcid-ca1139b5-c7aa-4c97-9e71-3da521dfe34b%22:%91%93}&#8221; circle_color=&#8221;gcid-829e0644-2604-442b-87e9-fc4cf40a6edd&#8221;]<p><strong>Cliente:\u00a0<\/strong><span style=\"font-weight: 400;\">FAFIC<\/span><\/p>[\/et_pb_blurb][et_pb_blurb use_icon=&#8221;on&#8221; font_icon=&#8221;%%57%%&#8221; icon_color=&#8221;gcid-829e0644-2604-442b-87e9-fc4cf40a6edd&#8221; icon_placement=&#8221;left&#8221; use_icon_font_size=&#8221;on&#8221; icon_font_size=&#8221;23px&#8221; _builder_version=&#8221;4.9.2&#8243; _module_preset=&#8221;default&#8221; custom_margin=&#8221;||13px|||&#8221; global_colors_info=&#8221;{%22gcid-829e0644-2604-442b-87e9-fc4cf40a6edd%22:%91%22circle_color%22,%22icon_color%22%93,%22gcid-ca1139b5-c7aa-4c97-9e71-3da521dfe34b%22:%91%93}&#8221; circle_color=&#8221;gcid-829e0644-2604-442b-87e9-fc4cf40a6edd&#8221;]<p><strong>Segmento:\u00a0<\/strong><span style=\"font-weight: 400;\">Faculdade<\/span><\/p>[\/et_pb_blurb][et_pb_blurb use_icon=&#8221;on&#8221; font_icon=&#8221;%%57%%&#8221; icon_color=&#8221;gcid-829e0644-2604-442b-87e9-fc4cf40a6edd&#8221; icon_placement=&#8221;left&#8221; use_icon_font_size=&#8221;on&#8221; icon_font_size=&#8221;23px&#8221; _builder_version=&#8221;4.9.2&#8243; _module_preset=&#8221;default&#8221; custom_margin=&#8221;||13px|||&#8221; global_colors_info=&#8221;{%22gcid-829e0644-2604-442b-87e9-fc4cf40a6edd%22:%91%22circle_color%22,%22icon_color%22%93,%22gcid-ca1139b5-c7aa-4c97-9e71-3da521dfe34b%22:%91%93}&#8221; circle_color=&#8221;gcid-829e0644-2604-442b-87e9-fc4cf40a6edd&#8221;]<p><strong>Objetivo: <\/strong><span style=\"font-weight: 400;\">N\u00facleo de Acessibilidade e Inclus\u00e3o<\/span><\/p>[\/et_pb_blurb][\/et_pb_column][\/et_pb_row][\/et_pb_section]\n","protected":false},"excerpt":{"rendered":"<p>&lt;NAI FAFIC&gt;<div class=\"et_pb_module el_masonry_gallery el_masonry_gallery_0\">\n\t\t\t\t\n\t\t\t\t\n\t\t\t\t\n\t\t\t\t\n\t\t\t\t\n\t\t\t\t\n\t\t\t\t<div class=\"et_pb_module_inner\">\n\t\t\t\t\t\n\t\t\t<div class=\"el_masonry_gallery_wrapper\"data-enable_lightbox=\"on\" data-lightbox_effect=\"none\" data-enable_navigation=\"on\" data-isotope_transition_duration=\"400\">\n\t\t\t\t<div class=\"el_masonry_gallery_item_gutter\"><\/div>\n\t\t\t\t<div data-mfp-src=\"https:\/\/agenciabear.com.br\/wp-content\/uploads\/2021\/07\/NAI-FAFIC.png\" class=\"el_masonry_gallery_item\">\n\t\t\t\t\t\t<div class=\"el_masonry_gallery_image_wrapper\"><img width=\"800\" height=\"800\" src=\"https:\/\/agenciabear.com.br\/wp-content\/uploads\/2021\/07\/NAI-FAFIC.png\" class=\"attachment-large size-large no-lazyload skip-lazy\" alt=\"\" decoding=\"async\" loading=\"lazy\" srcset=\"https:\/\/agenciabear.com.br\/wp-content\/uploads\/2021\/07\/NAI-FAFIC.png 800w, https:\/\/agenciabear.com.br\/wp-content\/uploads\/2021\/07\/NAI-FAFIC-480x480.png 480w\" sizes=\"(min-width: 0px) and (max-width: 480px) 480px, (min-width: 481px) 800px, 100vw\" \/> <\/div>\n\t\t\t\t\t\t\n\t\t\t\t\t<\/div>\n\t\t\t<\/div>\n\t\t\t\n\t\t\t\t<\/div>\n\t\t\t<\/div>BRIEFING: Desenvolver um logo que represente o N\u00facleo de Acessibilidade e Inclus\u00e3o. | Utilizar as cores amarelo e azul. RESULTADO: Pensar em acessibilidade e inclus\u00e3o nos remete \u00e0 ideia de \u201cuni\u00e3o\u201d de pessoas em prol de um bem comum. O conceito tem como base duas [&hellip;]<\/p>\n","protected":false},"author":4,"featured_media":31642,"comment_status":"closed","ping_status":"closed","template":"","meta":{"_et_pb_use_builder":"on","_et_pb_old_content":"","_et_gb_content_width":"","footnotes":""},"project_category":[62],"project_tag":[],"class_list":["post-31497","project","type-project","status-publish","has-post-thumbnail","hentry","project_category-branding"],"_links":{"self":[{"href":"https:\/\/agenciabear.com.br\/index.php?rest_route=\/wp\/v2\/project\/31497","targetHints":{"allow":["GET"]}}],"collection":[{"href":"https:\/\/agenciabear.com.br\/index.php?rest_route=\/wp\/v2\/project"}],"about":[{"href":"https:\/\/agenciabear.com.br\/index.php?rest_route=\/wp\/v2\/types\/project"}],"author":[{"embeddable":true,"href":"https:\/\/agenciabear.com.br\/index.php?rest_route=\/wp\/v2\/users\/4"}],"replies":[{"embeddable":true,"href":"https:\/\/agenciabear.com.br\/index.php?rest_route=%2Fwp%2Fv2%2Fcomments&post=31497"}],"version-history":[{"count":6,"href":"https:\/\/agenciabear.com.br\/index.php?rest_route=\/wp\/v2\/project\/31497\/revisions"}],"predecessor-version":[{"id":31699,"href":"https:\/\/agenciabear.com.br\/index.php?rest_route=\/wp\/v2\/project\/31497\/revisions\/31699"}],"wp:featuredmedia":[{"embeddable":true,"href":"https:\/\/agenciabear.com.br\/index.php?rest_route=\/wp\/v2\/media\/31642"}],"wp:attachment":[{"href":"https:\/\/agenciabear.com.br\/index.php?rest_route=%2Fwp%2Fv2%2Fmedia&parent=31497"}],"wp:term":[{"taxonomy":"project_category","embeddable":true,"href":"https:\/\/agenciabear.com.br\/index.php?rest_route=%2Fwp%2Fv2%2Fproject_category&post=31497"},{"taxonomy":"project_tag","embeddable":true,"href":"https:\/\/agenciabear.com.br\/index.php?rest_route=%2Fwp%2Fv2%2Fproject_tag&post=31497"}],"curies":[{"name":"wp","href":"https:\/\/api.w.org\/{rel}","templated":true}]}}

[et_pb_section fb_built=&#8221;1&#8243; _builder_version=&#8221;4.9.2&#8243; _module_preset=&#8221;default&#8221;][et_pb_row _builder_version=&#8221;4.9.2&#8243; _module_preset=&#8221;default&#8221; custom_padding=&#8221;||3px|||&#8221;][et_pb_column type=&#8221;4_4&#8243; _builder_version=&#8221;4.9.2&#8243; _module_preset=&#8221;default&#8221;][et_pb_text _builder_version=&#8221;4.9.2&#8243; _module_preset=&#8221;a14a3070-0f27-4166-b303-92f53a7af324&#8243; text_font=&#8221;Montserrat|700|||||||&#8221; header_2_font=&#8221;Candal||||||||&#8221; header_2_text_color=&#8221;#FFFFFF&#8221; header_2_font_size=&#8221;42px&#8221; header_2_line_height=&#8221;1.2em&#8221; text_orientation=&#8221;center&#8221; background_layout=&#8221;dark&#8221; custom_margin=&#8221;-3px||10px||false|false&#8221; animation_style=&#8221;slide&#8221; header_2_font_size_tablet=&#8221;30px&#8221; header_2_font_size_phone=&#8221;20px&#8221; header_2_font_size_last_edited=&#8221;on|tablet&#8221; locked=&#8221;off&#8221; inline_fonts=&#8221;Montserrat&#8221;]<h2 style="text-align: left;"><span style="color: #f4ad31;"><strong><span style="font-family: Montserrat;"><span style="color: #888888;">&lt;NAI </span><span style="color: #ffba61;">FAFIC&gt;</span></span></strong></span></h2>[/et_pb_text][/et_pb_column][/et_pb_row][et_pb_row column_structure=&#8221;3_5,2_5&#8243; _builder_version=&#8221;4.9.2&#8243; _module_preset=&#8221;default&#8221;][et_pb_column type=&#8221;3_5&#8243; _builder_version=&#8221;4.9.2&#8243; _module_preset=&#8221;default&#8221;][el_masonry_gallery _builder_version=&#8221;4.9.2&#8243; _module_preset=&#8221;default&#8221; hover_enabled=&#8221;0&#8243; image_ids=&#8221;31642&#8243; number_of_columns=&#8221;1&#8243; column_spacing=&#8221;0px&#8221; image_size=&#8221;large&#8221; enable_lightbox=&#8221;on&#8221; sticky_enabled=&#8221;0&#8243;][/el_masonry_gallery][/et_pb_column][et_pb_column type=&#8221;2_5&#8243; _builder_version=&#8221;4.9.2&#8243; _module_preset=&#8221;default&#8221;][et_pb_text _builder_version=&#8221;4.9.2&#8243; _module_preset=&#8221;85ec5774-0b51-4075-9641-4e0e2e6ea9dd&#8221; text_font=&#8221;Montserrat|500|||||||&#8221; text_text_color=&#8221;#888888&#8243; text_font_size=&#8221;18px&#8221; text_line_height=&#8221;1.8em&#8221; custom_margin=&#8221;2px|||||&#8221; animation_style=&#8221;slide&#8221; text_font_size_tablet=&#8221;15px&#8221; text_font_size_phone=&#8221;14px&#8221; text_font_size_last_edited=&#8221;on|desktop&#8221;]<p><strong>BRIEFING:</strong></p>
<p><span style="font-weight: 400;">Desenvolver um logo que represente o Núcleo de Acessibilidade e Inclusão. | Utilizar as cores amarelo e azul.</span></p>
<p><span style="font-weight: 400;"><br /></span><strong>RESULTADO:</strong></p>
<p><span style="font-weight: 400;">Pensar em acessibilidade e inclusão nos remete à ideia de “união” de pessoas em prol de um bem comum. O conceito tem como base duas pessoas de mãos dadas e um círculo ao redor delas, que simbolizam a união e a inclusão no meio social.</span></p>[/et_pb_text][et_pb_blurb use_icon=&#8221;on&#8221; font_icon=&#8221;%%57%%&#8221; icon_color=&#8221;gcid-829e0644-2604-442b-87e9-fc4cf40a6edd&#8221; icon_placement=&#8221;left&#8221; use_icon_font_size=&#8221;on&#8221; icon_font_size=&#8221;23px&#8221; _builder_version=&#8221;4.9.2&#8243; _module_preset=&#8221;default&#8221; custom_margin=&#8221;||13px|||&#8221; global_colors_info=&#8221;{%22gcid-829e0644-2604-442b-87e9-fc4cf40a6edd%22:%91%22circle_color%22,%22icon_color%22%93,%22gcid-ca1139b5-c7aa-4c97-9e71-3da521dfe34b%22:%91%93}&#8221; circle_color=&#8221;gcid-829e0644-2604-442b-87e9-fc4cf40a6edd&#8221;]<p><strong>Cliente: </strong><span style="font-weight: 400;">FAFIC</span></p>[/et_pb_blurb][et_pb_blurb use_icon=&#8221;on&#8221; font_icon=&#8221;%%57%%&#8221; icon_color=&#8221;gcid-829e0644-2604-442b-87e9-fc4cf40a6edd&#8221; icon_placement=&#8221;left&#8221; use_icon_font_size=&#8221;on&#8221; icon_font_size=&#8221;23px&#8221; _builder_version=&#8221;4.9.2&#8243; _module_preset=&#8221;default&#8221; custom_margin=&#8221;||13px|||&#8221; global_colors_info=&#8221;{%22gcid-829e0644-2604-442b-87e9-fc4cf40a6edd%22:%91%22circle_color%22,%22icon_color%22%93,%22gcid-ca1139b5-c7aa-4c97-9e71-3da521dfe34b%22:%91%93}&#8221; circle_color=&#8221;gcid-829e0644-2604-442b-87e9-fc4cf40a6edd&#8221;]<p><strong>Segmento: </strong><span style="font-weight: 400;">Faculdade</span></p>[/et_pb_blurb][et_pb_blurb use_icon=&#8221;on&#8221; font_icon=&#8221;%%57%%&#8221; icon_color=&#8221;gcid-829e0644-2604-442b-87e9-fc4cf40a6edd&#8221; icon_placement=&#8221;left&#8221; use_icon_font_size=&#8221;on&#8221; icon_font_size=&#8221;23px&#8221; _builder_version=&#8221;4.9.2&#8243; _module_preset=&#8221;default&#8221; custom_margin=&#8221;||13px|||&#8221; global_colors_info=&#8221;{%22gcid-829e0644-2604-442b-87e9-fc4cf40a6edd%22:%91%22circle_color%22,%22icon_color%22%93,%22gcid-ca1139b5-c7aa-4c97-9e71-3da521dfe34b%22:%91%93}&#8221; circle_color=&#8221;gcid-829e0644-2604-442b-87e9-fc4cf40a6edd&#8221;]<p><strong>Objetivo: </strong><span style="font-weight: 400;">Núcleo de Acessibilidade e Inclusão</span></p>[/et_pb_blurb][/et_pb_column][/et_pb_row][/et_pb_section]

<p>&lt;NAI FAFIC&gt;<div class="et_pb_module el_masonry_gallery el_masonry_gallery_0">
				
				
				
				
				
				
				<div class="et_pb_module_inner">
					
			<div class="el_masonry_gallery_wrapper"data-enable_lightbox="on" data-lightbox_effect="none" data-enable_navigation="on" data-isotope_transition_duration="400">
				<div class="el_masonry_gallery_item_gutter"></div>
				<div data-mfp-src="https://agenciabear.com.br/wp-content/uploads/2021/07/NAI-FAFIC.png" class="el_masonry_gallery_item">
						<div class="el_masonry_gallery_image_wrapper"><img width="800" height="800" src="https://agenciabear.com.br/wp-content/uploads/2021/07/NAI-FAFIC.png" class="attachment-large size-large no-lazyload skip-lazy" alt="" decoding="async" loading="lazy" srcset="https://agenciabear.com.br/wp-content/uploads/2021/07/NAI-FAFIC.png 800w, https://agenciabear.com.br/wp-content/uploads/2021/07/NAI-FAFIC-480x480.png 480w" sizes="(min-width: 0px) and (max-width: 480px) 480px, (min-width: 481px) 800px, 100vw" /> </div>
						
					</div>
			</div>
			
				</div>
			</div>BRIEFING: Desenvolver um logo que represente o Núcleo de Acessibilidade e Inclusão. | Utilizar as cores amarelo e azul. RESULTADO: Pensar em acessibilidade e inclusão nos remete à ideia de “união” de pessoas em prol de um bem comum. O conceito tem como base duas [&hellip;]</p>
